 196.
189
Calculate the remainder when 43 is divided by 23.
20
Calculate the remainder when 2048 is divided by 108.
104
Calculate the remainder when 146 is divided by 40.
26
What is the remainder when 19 is divided by 8?
3
Calculate the remainder when 726 is divided by 26.
24
What is the remainder when 1455 is divided by 27?
24
What is the remainder when 707 is divided by 6?
5
What is the remainder when 1941 is divided by 26?
17
Calculate the remainder when 997 is divided by 20.
17
What is the remainder when 577 is divided by 48?
1
What is the remainder when 26 is divided by 12?
2
What is the remainder when 1670 is divided by 417?
2
Calculate the remainder when 267 is divided by 9.
6
Calculate the remainder when 244 is divided by 65.
49
Calculate the remainder when 10918 is divided by 168.
166
What is the remainder when 50 is divided by 48?
2
What is the remainder when 3777 is divided by 21?
18
Calculate the remainder when 1937 is divided by 72.
65
What is the remainder when 3314 is divided by 51?
50
What is the remainder when 359 is divided by 120?
119
Calculate the remainder when 375 is divided by 113.
36
Calculate the remainder when 514 is divided by 20.
14
What is the remainder when 21 is divided by 2?
1
Calculate the remainder when 124 is divided by 13.
7
What is the remainder when 31 is divided by 10?
1
What is the remainder when 431 is divided by 42?
11
Calculate the remainder when 2011 is divided by 152.
35
Calculate the remainder when 314 is divided by 76.
10
What is the remainder when 1236 is divided by 66?
48
Calculate the remainder when 57 is divided by 9.
3
Calculate the remainder when 270 is divided by 6.
0
Calculate the remainder when 225 is divided by 22.
5
Calculate the remainder when 281 is divided by 80.
41
Calculate the remainder when 84 is divided by 36.
12
What is the remainder when 31 is divided by 16?
15
Calculate the remainder when 5382 is divided by 15.
12
Calculate the remainder when 630 is divided by 24.
6
Calculate the remainder when 344 is divided by 162.
20
What is the remainder when 112 is divided by 19?
17
What is the remainder when 551 is divided by 110?
1
What is the remainder when 241 is divided by 35?
31
What is the remainder when 143 is divided by 42?
17
Calculate the remainder when 582 is divided by 322.
260
What is the remainder when 35 is divided by 26?
9
Calculate the remainder when 5769 is divided by 4.
1
Calculate the remainder when 1286 is divided by 31.
15
Calculate the remainder when 111 is divided by 14.
13
What is the remainder when 41 is divided by 38?
3
Calculate the remainder when 71 is divided by 31.
9
Calculate the remainder when 324 is divided by 25.
24
What is the remainder when 3588 is divided by 37?
36
Calculate the remainder when 235 is divided by 22.
15
What is the remainder when 8 is divided by 6?
2
What is the remainder when 2231 is divided by 37?
11
What is the remainder when 32 is divided by 9?
5
What is the remainder when 477 is divided by 96?
93
What is the remainder when 2756 is divided by 459?
2
Calculate the remainder when 347 is divided by 29.
28
Calculate the remainder when 714 is divided by 103.
96
Calculate the remainder when 84 is divided by 15.
9
Calculate the remainder when 18 is divided by 11.
7
Calculate the remainder when 6320 is divided by 137.
18
What is the remainder when 1092 is divided by 166?
96
What is the remainder when 6045 is divided by 3019?
7
What is the remainder when 197 is divided by 63?
8
Calculate the remainder when 192 is divided by 28.
24
Calculate the remainder when 308 is divided by 5.
3
Calculate the remainder when 2735 is divided by 72.
71
What is the remainder when 789 is divided by 38?
29
What is the remainder when 59 is divided by 33?
26
Calculate the remainder when 629 is divided by 625.
4
Calculate the remainder when 960 is divided by 23.
17
Calculate the remainder when 66 is divided by 5.
1
What is the remainder when 23 is divided by 4?
3
What is the remainder when 57 is divided by 12?
9
Calculate the remainder when 1104 is divided by 123.
120
What is the remainder when 3821 is divided by 1271?
8
Calculate the remainder when 110 is divided by 28.
26
Calculate the remainder when 162 is divided by 15.
12
What is the remainder when 29 is divided by 10?
9
Calculate the remainder when 30983 is divided by 24.
23
Calculate the remainder when 3317 is divided by 1086.
59
Calculate the remainder when 57459 is divided by 52.
51
What is the remainder when 1424 is divided by 359?
347
Calculate the remainder when 445 is divided by 217.
11
What is the remainder when 262 is divided by 67?
61
Calculate the remainder when 168 is divided by 80.
8
What is the remainder when 26638 is divided by 80?
78
What is the remainder when 438 is divided by 49?
46
Calculate the remainder when 93 is divided by 33.
27
Calculate the remainder when 182 is divided by 86.
10
Calculate the remainder when 266 is divided by 17.
11
Calculate the remainder when 87 is divided by 55.
32
What is the remainder when 1495 is divided by 5?
0
What is the remainder when 536 is divided by 27?
23
Calculate the remainder when 173 is divided by 48.
29
What is the remainder when 54 is divided by 4?
2
What is the remainder when 29783 is divided by 51?
50
Calculate the remainder when 227 is divided by 54.
11
What is the remainder when 402 is divided by 59?
48
Calculate the remainder when 162 is divided by 28.
22
Calculate the remainder when 342 is divided by 15.
12
What is the remainder when 238 is divided by 60?
58
Calculate the remainder when 1138 is divided by 365.
43
What is the remainder when 1242 is divided by 83?
80
What is the remainder when 22 is divided by 17?
5
Calculate the remainder when 172 is divided by 64.
44
Calculate the remainder when 152 is divided by 2.
0
What is the remainder when 773 is divided by 15?
8
Calculate the remainder when 1647 is divided by 50.
47
Calculate the remainder when 317 is divided by 16.
13
Calculate the remainder when 540 is divided by 176.
12
Calculate the remainder when 538 is divided by 36.
34
Calculate the remainder when 249 is divided by 16.
9
What is the remainder when 322 is divided by 12?
10
Calculate the remainder when 168 is divided by 86.
82
Calculate the remainder when 198 is divided by 47.
10
Calculate the remainder when 797 is divided by 22.
5
Calculate the remainder when 60 is divided by 23.
14
Calculate the remainder when 729 is divided by 243.
0
Calculate the remainder when 957 is divided by 464.
29
Calculate the remainder when 175 is divided by 20.
15
Calculate the remainder when 91819 is divided by 381.
379
What is the remainder when 275 is divided by 210?
65
What is the remainder when 3314 is divided by 15?
14
What is the remainder when 30767 is divided by 85?
82
Calculate the remainder when 3453 is divided by 48.
45
Calculate the remainder when 407 is divided by 30.
17
Calculate the remainder when 165 is divided by 42.
39
What is the remainder when 53 is divided by 36?
17
What is the remainder when 108 is divided by 28?
24
What is the remainder when 2674 is divided by 107?
106
What is the remainder when 7297 is divided by 25?
22
What is the remainder when 495 is divided by 20?
15
Calculate the remainder when 858 is divided by 43.
41
What is the remainder when 2902 is divided by 97?
89
What is the remainder when 1147 is divided by 41?
40
What is the remainder when 15649 is divided by 37?
35
Calculate the remainder when 137 is divided by 28.
25
Calculate the remainder when 4746 is divided by 190.
186
What is the remainder when 2153 is divided by 49?
46
Calculate the remainder when 373 is divided by 16.
5
Calculate the remainder when 1294 is divided by 9.
7
What is the remainder when 53 is divided by 5?
3
Calculate the remainder when 468 is divided by 66.
6
What is the remainder when 75 is divided by 4?
3
What is the remainder when 1518 is divided by 5?
3
Calculate the remainder when 228 is divided by 73.
9
Calculate the remainder when 447 is divided by 28.
27
What is the remainder when 1472 is divided by 59?
56
Calculate the remainder when 725 is divided by 131.
70
What is the remainder when 843 is divided by 281?
0
Calculate the remainder when 2378 is divided by 77.
68
What is the remainder when 2256 is divided by 108?
96
Calcul